f. List the prime factors of z(g).
2
Let s = 121 - 95. Let t(w) = -w**2 - 11*w - 4. Let k be t(-11). Let j = s + k. What are the prime factors of j?
2, 11
Suppose 0 = -3*b + 3*c + 6, 2*b - 1 = -c + 6. Suppose 0 = -b*u + 707 - 242. Suppose 3*m = -g + 61, -2*g + 2*m + u = -3*m. List the prime factors of g.
2, 5, 7
Let x = -55 + 61. Let l(q) = 4*q**2 - 3*q - 11. What are the prime factors of l(x)?
5, 23
Let v(i) = -168*i + 455. What are the prime factors of v(-14)?
7, 401
Suppose 21*k + 14 - 77 = 0. List the prime factors of k.
3
Let k(f) = -f**3 - 2*f**2 + 5*f + 4. Let y be k(-3). Let s(z) = 6*z**2 + 3*z + 3. Let t be s(y). Suppose 0 = -4*p + 15 + t. What are the prime factors of p?
3
Let u(r) = -16*r**3 - 3*r - 17. What are the prime factors of u(-3)?
2, 53
Suppose 18000 = 10*x - 1060. List the prime factors of x.
2, 953
Let j(d) = -d**3 - 3*d**2 + 22*d - 21. What are the prime factors of j(-8)?
3, 41
Let l be 24/3 - (-2)/1. Let g(a) = 8*a + 7*a - l*a - 12. List the prime factors of g(9).
3, 11
Let g(r) = -r**2 + 13*r - 25. Let m be g(10). Let z = 98 + -51. Suppose 4*b - m*v = 114, -z = 4*b + 2*v - 147. List the prime factors of b.
2, 13
Let i be (-24)/30*(0 - 5). Suppose 0*k - 131 = -5*w + 3*k, i*w + 2*k - 118 = 0. List the prime factors of w.
2, 7
Let q be (-2)/(-7) + ((-640)/7)/5. What are the prime factors of (q/(-12))/((-3)/(-160))?
2, 5
Suppose 2*m = -50 + 644. What are the prime factors of m?
3, 11
Let u(y) = 2*y + 3. Let m be u(4). Let k = m - 25. Let j = -9 - k. What are the prime factors of j?
5
Suppose 5*c - s + 4*s = -10, -2*s = 10. Let n = 31 + c. List the prime factors of n.
2
Let b(c) = 12*c + 0*c + 10*c - 11 - 53*c. What are the prime factors of b(-4)?
113
What are the prime factors of (-18)/(-30) + (-992)/(-5)?
199
What are the prime factors of -1 + -1 - (-369 - -22)?
3, 5, 23
Let x(c) = -2*c + 1. Suppose 3*h = w + 4, h - 4*h + 25 = -4*w. What are the prime factors of x(w)?
3, 5
Let g be -35*((-24)/(-15) - 2). Let x = 14 - g. Suppose 7*k - 2*k - 85 = x. What are the prime factors of k?
17
Let p(g) = 2*g**2 + 11*g - 5. Suppose 0 = -t - 2*t. Suppose -4*o + 3*i - 38 = t, o - i - i + 12 = 0. What are the prime factors of p(o)?
5, 7
Let v(q) = -18*q + 9*q - 9*q**2 + 10*q - 1. Let h be v(1). What are the prime factors of (0 - 1)/(h/225)?
5
Let t(u) = -113*u - 6. Let h be t(-1). Let r = h - -80. List the prime factors of r.
11, 17
Let f be (143/(-44))/(1/(-16)). Let h = 113 - f. List the prime factors of h.
61
What are the prime factors of (-12278)/(-56) - 12 - 3/(-4)?
2, 13
Let l(g) = g**3 - 10*g**2 - 24*g + 9. Let q be l(12). Let h(k) = -3*k**3 - k + 1. Let f be h(1). Let w = q + f. List the prime factors of w.
2, 3
Suppose 5*d + 11 - 16 = 0. Let j(w) = -w**2 - w. Let p(h) = 8*h**2 + 7*h + 1. Let t(l) = d*p(l) + 6*j(l). List the prime factors of t(2).
11
List the prime factors of 2215/25*((5 - -2) + -2).
443
Let t(k) = k**3 - 2*k**2 + 6*k + 1. Let r be t(5). Suppose -3*h + 395 = 2*h + 2*b, -5*b = -h + r. What are the prime factors of h?
3
Let v = 42 - 76. Let d = v + 67. What are the prime factors of d?
3, 11
Let u(o) = -o**3 - 3*o**2 + 3*o - 4. Let h be u(-5). Suppose k - h = 5*z - 3, -4*z = 3*k + 11. Let t = 2 + k. List the prime factors of t.
5
Suppose 43*q - 3823 = 78307. What are the prime factors of q?
2, 5, 191
Suppose 122415 - 32041 = 73*k. What are the prime factors of k?
2, 619
Let j be 155/55 - 4/(-22). Suppose -168 = -j*q - q. Let l = 76 - q. What are the prime factors of l?
2, 17
Suppose 2*x = -0*x + 6. Let q(u) = -3*u**x - u - 4*u**3 + 8*u**3 - 3 + 9*u**2. List the prime factors of q(-9).
2, 3
Let i = 5 - 1. Let v(l) = 7*l**3 - 4*l**3 + 9*l**2 - i*l**3 + 5 - 7*l. What are the prime factors of v(8)?
13
Suppose 4*p - 3*d - 17795 = 1157, 0 = -5*d + 20. List the prime factors of p.
11, 431
Let b = -223 + 228. Let o(j) = -j**2 + 10*j. Let f(x) = -x - 1. Let d(h) = -5*f(h) - o(h). What are the prime factors of d(b)?
5
Let l = 2735 - 1167. What are the prime factors of l?
2, 7
Let g(c) = -c**3 - 9*c**2 - 10*c - 7. Let v be g(-7). Let y = 29 - v. List the prime factors of y.
2
Let r be -1 + -3 + -10 + 12. Let f be (-52)/(-3 - (-4 - r)). Let q = f + -19. List the prime factors of q.
3, 11
Suppose -3*u - 759 = -1320. What are the prime factors of u?
11, 17
Let n(y) = -1063*y + 1086*y - 11 - y**2 - 1. List the prime factors of n(12).
2, 3, 5
Let f(k) = -8*k - 9. Let a be f(-6). Let w = 55 - a. What are the prime factors of w?
2
Let a(b) = 7*b**3 + b - 1. Let g be a(1). Let i(v) = 10 - 2 + 3 + v**3 - 2 + 3*v + g*v**2. What are the prime factors of i(-6)?
3
Let g be 5 + -2 + 0 + 1. Suppose -5*n - 6 = -3*m, m - g = -m - 4*n. Suppose i = m*h - 3*h + 9, -5*h - 9 = -i. What are the prime factors of i?
3
Suppose 0 = 5*f - 11 - 4. Suppose 552 = f*j + 174. List the prime factors of j.
2, 3, 7
Suppose 21*n - 5819 = 22447. What are the prime factors of n?
2, 673
Let x(f) = -f + 1. Let a(l) = 14*l + 2. Let c(h) = a(h) - x(h). List the prime factors of c(5).
2, 19
Let i(p) = 10*p**2 - 7*p + 21. Let x be i(-7). Suppose -2*k = -6*k + x. What are the prime factors of k?
2, 5, 7
Let z(b) = 12*b**2 - b - 3. Let k(d) = -d**3 - 7*d**2 + 2*d + 11. Let f be k(-7). What are the prime factors of z(f)?
2, 3
Let t = 53 + 43. Suppose -5*i + 13*i - t = 0. What are the prime factors of i?
2, 3
Let r(w) = w - 9. Let a be r(13). Let k(h) = 0*h - 2 + 0 + a*h + 3*h**3 - h - 2*h**2. What are the prime factors of k(2)?
2, 5
Suppose 3*b + 5*f + 3 + 25 = 0, -2*f = -2. Let o = b + 29. List the prime factors of o.
2, 3
Suppose -17*g + 12*g + 625 = 0. Suppose f + g = 2*t, -2*t - 280 = -6*t - 4*f. What are the prime factors of t?
5, 13
List the prime factors of (7 - 16)*1 - -2513.
2, 313
Let z(c) = -17*c + 1. Suppose -x = -2*x - 1. List the prime factors of z(x).
2, 3
Let f = 596 + 448. Suppose -7*p = -f - 237. What are the prime factors of p?
3, 61
Suppose 5*i - 30 = 6*i. What are the prime factors of (-1075)/i + (-1)/(-6)?
2, 3
Let f(m) = m**2 - 7*m - 3. Let a be 306/42 + (-4)/14. Let t be f(a). What are the prime factors of (30/2)/(t/(-10))?
2, 5
Let a(s) = 68*s**2 - 2*s - 1. Let b = -20 + 12. Let q(n) = -203*n**2 + 6*n + 3. Let p(f) = b*a(f) - 3*q(f). What are the prime factors of p(-1)?
2, 3, 11
Suppose -3294 = 7*n - 17490. List the prime factors of n.
2, 3, 13
Let t be (-24 - (-2 + 6))/2. Suppose -4*y = -z - 0*z - 118, 5*z = -2*y + 70. Let u = t + y. What are the prime factors of u?
2
Let l = 2728 - -3395. List the prime factors of l.
3, 13, 157
Let x = -116 - -122. What are the prime factors of (1 - x)*(-8 - -4)?
2, 5
Suppose p + 2*p = -4*l + 51, 16 = 4*l - 4*p. Suppose -l*b + 50 = -14*b. List the prime factors of 257/5 + b/25.
3, 17
Let h = -5 + 16. Let f(s) = -s**2 + 9*s - 5. Let q be f(h). List the prime factors of (3/2)/(q/(-360)).
2, 5
Suppose -4*u + 3*u = -3. Suppose -u*g + 15 = -15. What are the prime factors of ((-2)/(-3))/(g/495)?
3, 11
Suppose 0 = 2*a - 10, 5*d - 13085 = -0*a + 2*a. Suppose d = 10*l + 439. List the prime factors of l.
2, 109
Let s be 7/((-21)/4)*-36. Let u = s + -87. List the prime factors of 6/u - (-316)/26.
2, 3
Let o be (-510)/24 + (-3)/(-12). Let q = 37 + o. What are the prime factors of q?
2
Let p(w) = -w**2 - 2*w + 4. Let u be p(-3). Let t = u - -5. Let z(i) = -i**3 + 5*i**2 + 7*i + 5. List the prime factors of z(t).
11
Let z = -38 + 82. Suppose -2*g = -3*y + 46, 2*g + 106 = -5*y + z. Let f = -15 - g. What are the prime factors of f?
11
Let j = 115 + 107. Suppose 22*i + j = 25*i. What are the prime factors of i?
2, 37
Let q(h) = 34*h + 39. Let z be q(-7). Let d = 400 + z. List the prime factors of d.
3, 67
Suppose 1000*n - 1003*n = -6054. What are the prime factors of n?
2, 1009
Let n(s) = 6*s + 2. Let p = -7 - -9. Let c be n(p). List the prime factors of -1*(3 + -2 - c).
13
Suppose -2 = -2*q, -2*n + n = 3*q - 1978. List the prime factors of n.
5, 79
Let k(l) = -l + 13. Let b be k(10). Suppose -8*c + 7*c = -b. Suppose m - 36 = -c*m. List the prime factors of m.
3
Let w(j) = 5*j + 26. Let s be w(-13). Let f = s + 58. List the prime factors of f.
19
Suppose -5*x + 14233 = -z, -5*z + 2998 = x + 167. List the prime factors of x.
2, 1423
Let v(b) = -2*b + 3. Let j be v(2). What are the prime factors of j/(-5) - (5586/10)/(-7)?
2, 